ate 10 + -4 + -4 + -3.
-1
Evaluate 4 + -12 + -1 + 18.
9
What is the value of 4 + 0 + -3 + 27 + -22?
6
Evaluate 10 + (-25 - -11) + -2.
-6
Calculate -1 + -1 + 0 + 5.
3
What is 11 + -5 + -3 + -6?
-3
Evaluate (-11 - (-14 + 0)) + -4 + 1.
0
What is the value of 17 + (3 - 5 - 2) + -6?
7
-1 - (-3 + (8 - 4)) - 1
-3
Evaluate -8 + -6 + 15 - 3.
-2
What is -4 - -2 - (0 + 2)?
-4
Calculate 5 - -3 - (-9 + 15).
2
What is (6 - (3 + -5)) + -14 - -8?
2
What is (-15 - -3 - -6) + 7?
1
What is -5 - (4 + (-8 - -2) + 3)?
-6
What is the value of (1 - (-2 - 2)) + -4?
1
Calculate (1 - -4) + (-1 - -5 - 6).
3
Calculate (-9 - (2 + -7)) + 3 + 3.
2
What is (-5 - (-5 - 4)) + 0?
4
Evaluate (-4 - (-5 - (-1 + 2))) + 0.
2
-9 - -11 - (2 - 1) - 3
-2
10 + (1 - -8) + -10
9
What is the value of 1 + 3 + -4 + 18 + -13?
5
Calculate -1 + (-1 - 10) - (-3 - 2).
-7
What is 12 - (7 + -8 - -6)?
7
2 - (3 + -2) - 4
-3
Evaluate 1 - (-1 - -2) - -1.
1
What is the value of (2 - (0 + 4) - -6) + -3?
1
What is the value of 5 - ((8 - (-3 + 10)) + 4)?
0
Evaluate 0 - (-3 - (1 - (-7 - -2))).
9
What is (-1 - 5) + 5 - (0 + 2)?
-3
What is -5 + (0 - -5 - 0)?
0
8 + (1 - 1) + (12 - 14)
6
What is the value of 4 + -6 + 0 + 1?
-1
What is the value of 20 + -9 + (2 - 10) + -5?
-2
Evaluate (6 - (0 + 2)) + (-12 - -8).
0
-12 - (-5 - 5) - (1 + 1)
-4
What is the value of 2 - 2 - (1 - 3)?
2
Calculate -7 - (-8 + -3) - 10.
-6
What is (0 - 3) + 7 + -20 + 11?
-5
What is the value of (7 - 4 - (1 - -2)) + -2?
-2
1 + -5 + -52 + 53
-3
0 - 4 - (-3 - -4)
-5
Calculate (6 - 8) + 3 + 3.
4
What is the value of 0 + 0 + 4 + 2 - -1?
7
What is (-2 - -5 - 2) + (0 - -4)?
5
What is (-10 - (4 + -6)) + 4?
-4
What is the value of (14 - 6) + -4 + 1?
5
What is 8 + -6 + 1 - 1?
2
(3 - 3) + 0 + -1 + 6
5
What is the value of 0 - (3 + -11 + 1 + 3)?
4
What is the value of 2 - (2 - (2 + -4))?
-2
Calculate (0 - (-2 - -5)) + (0 - 5).
-8
What is 5 - (5 - (-2 + 0))?
-2
(6 - -2) + (-5 - -1)
4
Evaluate -1 + 3 - 1 - 0.
1
Evaluate -1 - (0 - (0 + -1 - -6)).
4
What is (0 + -4 + -1 - -4) + 0?
-1
Calculate 3 - (-5 - -2 - 0 - -3).
3
(-29 - -20) + (-1 - 0 - -7)
-3
Evaluate 2 + -6 + 0 + 1 - -4.
1
Calculate 12 + -6 - (5 - -1).
0
What is 7 + -10 - (-6 + 2)?
1
Evaluate 3 + (-7 + -6 - -11).
1
Evaluate 1 - (7 + -5 - 3 - -1).
1
-2 - (4 + -3) - -3
0
What is the value of 0 + (-3 - -4 - 6)?
-5
Calculate -2 + 7 + (8 - 5).
8
What is the value of 2 - -11 - 2 - (-1 - -6)?
6
(-1 + 3 + -1 - 0) + 2
3
Evaluate (-3 - -3) + (-1 - -3) + 2.
4
-2 + (-2 - -6) + 7
9
What is the value of 99 - 91 - (6 - -1)?
1
2 + (10 - (4 + 2))
6
Evaluate (12 - 8) + -11 - -7.
0
Evaluate (0 - (2 + 1 + -1)) + 3.
1
1 + 0 + -1 + -5
-5
What is 1 - -1 - (-3 + 3)?
2
What is the value of 5 - -5 - (-1 + 16)?
-5
Calculate 18 + -37 - (-12 + 1).
-8
1 + (4 - 5) + -2
-2
9 + -9 - (-6 + 2)
4
(-4 - 0 - -1) + 2
-1
What is -20 - (-8 + 1) - -11?
-2
Evaluate 4 + -3 + -1 + 25 + -32.
-7
Evaluate -1 - ((-7 - -4) + 0).
2
Calculate 10 + (-22 + 0 - -10).
-2
Calculate 1 + -3 + 2 + (-1 - 4).
-5
Evaluate (-1 - (-6 + 1 - -3)) + -2.
-1
What is the value of -4 - (3 - 5) - -2 - -1?
1
Evaluate (-3 - 2) + (6 - 0) + 3.
4
What is the value of 11 + -4 + 0 + -9?
-2
Evaluate 3 - (-2 + (4 - -1)).
0
Evaluate 4 + -7 + -2 + 5.
0
Evaluate -2 - (3 - 2) - 0.
-3
What is -11 + 12 - (-4 - (-3 + 0))?
2
What is the value of 7 + -5 + (-4 - -7)?
5
What is the value of 3 - ((-2 - 3) + 3)?
5
Evaluate 8 + -14 - 3 - -12.
3
Evaluate -13 - -3 - (-24 + 20).
-6
Evaluate 2 + -1 + -3 + -1.
-3
-5 + 10 + -1 + -5
-1
Calculate 1 + -1 - (3 - 4).
1
Evaluate 6 + -3 + -5 + -1.
-3
What is the value of -6 + (-2 - (-12 + 0))?
4
What is the value of -4 + (4 + (-3 - -1) - -4)?
2
What is the value of -3 - -3 - 2 - (-2 + -1)?
1
What is the value of 11 - (4 + -1) - 5?
3
Calculate -7 - (-17 - (1 - 10)).
1
1 + 3 + -2 + -6 + 6
2
Calculate 0 - (-3 + -1 + 2).
2
Evaluate 3 + (8 - 10) - (-1 - -7).
-5
Calculate -6 + 14 + -1 + -3.
4
(-6 - -13) + -1 + -6
0
Evaluate (3 - 0) + -2 + -2 + -2.
-3
What is -2 - -4 - (4 + (-1 - 1))?
0
Calculate (-4 - 2) + 6 - 0 - 7.
-7
Calculate 7 - (0 + (4 - -2)).
1
What is 2 + (-4 + 2 + -2 - -3)?
1
2 - (8 + -5 + 0 - 1)
0
Calculate -3 + 4 + -3 + -2.
-4
What is the value of 5 + (-2 - (-4 - -3))?
4
Calculate -5 + 21 + -6 + -6.
4
What is the value of (1 - (-4 + 2)) + 0?
3
What is the value of -3 - (0 - (10 - 5)) - 0?
2
What is (-2 - (7 - (-1 - -6))) + 3?
-1
What is the value of 6 - (-4 + 3 + 4 + -1)?
4
What is (-4 - 1) + 12 + -6 + -3?
-2
Evaluate -4 + (10 - 4) - 4.
-2
What is -2 + -2 - (5 + 9 + -23)?
5
Evaluate 0 - 5 - -6 - 0.
1
Calculate 2 - (-1 + 0 + 12).
-9
What is the value of 7 - 2 - 0 - 0?
5
Evaluate (-7 - -4) + (0 - -6) + -1.
2
What is (-3 - (-7 + 3 - 4)) + -2?
3
Calculate 5 - (7 + -3 + 1 + -8).
8
Calculate -5 - (-5 - (7 + -6)) - -1.
2
Evaluate 3 + -4 + 3 + 1.
3
Evaluate -1 + 3 + 20 + -9 + -12.
1
What is (-3 - -1) + -2 + (-11 - -9)?
-6
Evaluate 13 - 7 - 1 - (-1 + -4).
10
Evaluate 9 - (9 - (-5 - (-1 - 9))).
5
Evaluate 28 + -27 + (-2 - 0).
-1
What is -8 - ((10 - 7) + -3)?
-8
What is 0 - (7 - 7) - (-4 - -1)?
3
Evaluate 4 - (-4 + (2 - 3) + 8).
1
-4 - (10 + -8 + -4)
-2
Calculate 15 + -22 - (-10 + -1).
4
-2 - (-4 + 6) - -8
4
What is 0 + 1 - (6 - (8 - 7))?
-4
Calculate 1 - 0 - 2 - (4 + 0).
-5
What is the value of 3 + (-1 - (14 - 6 - 6))?
0
Calculate 0 - (8 + -7 - -3).
-4
What is the value of 4 + 1 - 6 - 4 - 4?
-9
2 - (-1 - (-2 + -2))
-1
What is the value of -3 + -4 + 9 + (1 - -2)?
5
Calculate 0 + -5 - (-72 - -70).
-3
Evaluate (-7 - -1) + (-9 - -7).
-8
Evaluate 2 + -4 - (2 + -4).
0
What is 4 + 9 + -8 - (0 - -1)?
4
Calculate 5 + (-6 - -3) + -2.
0
Evaluate 4 + (6 - (-2 + 5)) + 0.
7
What is the value of -3 + -5 + 1 + 2?
-5
Calculate -6 - (6 - 9 - 4).
1
Evaluate 7 + (-7 - (7 - 5)) + -7.
-9
What is -3 - (-1 + -6) - (-2 - -2)?
4
What is (4 - 6) + 2 + 4?
4
What is the value of 1 - (-3 + 4 - -4) - -5?
1
What is the value of -5 - 0 - (-12 + 6 + 4)?
-3
-5 + (-3 + 2 - (-9 + 6))
-3
(-5 - -2) + -1 + 38 + -33
1
What is the value of (-5 - 1) + 133 + -132?
-5
Calculate 0 + -2 + (43 - 44).
-3
What is 5 - (4 - (7 - 4))?
4
Calculate 1 - ((-4 - 0) + 3).
2
What is the value of -6 - (-6 + 8 + -16 - -1)?
7
What is the value of -11 - (-4 - -1) - -10?
2
(-2 - (-8 - -2)) + -2
2
Calculate -18 + 24 + 1 + -8.
-1
Evaluate 6 - (-9 + (8 - -8)).
-1
Evaluate 0 + 3 + -8 + 3 + 1.
-1
What is 4 - ((-3 + 4 - -14) + -6)?
-5
Evaluate -11 + 9 - (-2 + -2 - -2).
0
Calculate 2 - (-3 + (2 - (3 - 2))).
4
What is the value of 2 + 0 - (-2 + 1)?
3
1 + 6 + (6 - 6 - 1)
6
Calculate (3 - -14) + -13 - -2.
6
Calculate -7 + 1 + (6 - -2).
2
Calculate -3 - (-5 - -2) - -2.
2
What is the value of 3 + 4 + (2 - (4 - 0))?
5
Calculate -3 + 0 - (1 - 4) - 1.
-1
2 + -3 - (-4 + 2)
1
Evaluate 2 - (-1 + -3 + 5).
1
Evaluate 0 + -1 + 23 + -17.
5
Evaluate (-2 - 1) + (3 - 5).
-5
Calculate 0 + 3 + 1 - (66 - 67).
5
What is the value of -1 - 4 - (-2 + -8)?
5
What is (3 - (-5 - (-2 + -10))) + 6?
2
What is 8 + -8 + 1 - 0?
1
What is 3 + (-4 - 2) + 3?
0
What is -1 + 0 + -10 + 8 + -2?
-5
Calculate 6 - (2 + 2 - -4 - 2).
0
Calculate (57 - 55) + 1 + 0.
3
4 + 1 + -3 + -2 + 5
5
What is the value of 3 + -7 - (0 + -1)?
-3
What is the value of (163 - 164) + 1 + 0 + 3?
3
Calculate (-3 - -3) + (-3 + 2 - -3).
2
What is 0 - 2 - (13 + -12)?
-3
What is -10 + (3 - 3) + 19 + -16?
-7
Evaluate (-8 - (2 + -8)) + -2 - -8.
4
What is -9 + 13 + -5 - -1?
0
Calculate 7 + (9 - 4) - (-9 - -14).
7
Calculate (-1 - (-10 + 2)) + (-87 - -87).
7
What is the value of 3 + (-5 - (-1 - 1))?
0
Calculate -1 - -4 - (-40 + 48) - -6.
1
What is 6 + 4 + -3 + 4 + -12?
-1
What is -1 + -2 + (-11 - -17) + 4?
7
Evaluate (2 - 0 - -4) + (-21 - -13).
-2
-5 + 3 - (-10 + 5) - -4
7
What is the value of 0 - 2 - (-19 - (-17 - -4))?
4
Evaluate -6 - -6 - (0 + -2).
2
-4 + -4 + 5 + -3
-6
What is 1 + -6 + 4 - 2 - -3?
0
What is (-3 - 2 - (-5 - 1)) + -2?
-1
(89 - 91) + (4 - (-1 - 0))
3
What is (1 - 1) + 14 + -19?
-5
Calculate (-9 - -5) + (0 - (-1 - -2)).
-5
Evaluate -16 + 4 + (7 - -1).
-4
Calculate (-10 - (4 - 12)) + -8.
-10
-1 + 7 + (7 + -17 - -5)
1
What is the value of (8 - 0) + 10 + (5 - 21)?
2
What is the value of (3 - -3) + (0 + -2 - -2)?
6
2 - (1 + (2 - -2))
-3
What is -38 - -46 - (7 + 0)?
1
Evaluate (14 - 4 - 5) + 1.
6
((3 - 5) + 4 - 5) + 5
2
Evaluate 12 + -2 + (-6 - 3).
1
What is 2 + (-1 - -4) - 0 - 2?
3
Evalu